176
Let p(h) = 2466*h - 1999915. Determine p(811).
11
Let m(z) = -z**3 - z**2 - 157*z - 1360. Calculate m(-8).
344
Let h(t) = 2607*t + 12808. What is h(-5)?
-227
Let i(x) = 435*x + 70420. What is i(-162)?
-50
Let m(s) = 4*s**2 - 308*s - 1076. Calculate m(80).
-116
Let v(f) = -4*f**2 - 601*f - 2325. Give v(-4).
15
Let g(o) = -1446*o + 764932. What is g(529)?
-2
Let z(d) = 5*d**2 - 134702*d - 1077951. Calculate z(-8).
-15
Let v(n) = -2*n**3 - 31*n**2 - 230*n + 1175. Give v(-16).
5111
Let w(h) = 28*h + 1037. Determine w(-29).
225
Let x(t) = t**3 + 10*t**2 - 889*t - 10375. Determine x(-12).
5
Let w(v) = -v**3 - 16*v**2 + 723*v + 11588. Give w(-16).
20
Let c(l) = -357*l + 7438. Calculate c(20).
298
Let c(o) = -o**3 - 68*o**2 + 131*o - 662. Give c(-70).
-32
Let f(a) = a**3 + 7*a**2 + 4659*a + 27904. What is f(-6)?
-14
Let l(z) = 66801*z + 3473652. Determine l(-52).
0
Let x(q) = -17*q - 1024. Determine x(-61).
13
Let c(d) = -4972*d - 666381. Determine c(-134).
-133
Let f(m) = m**3 - 48*m**2 - 202*m + 1926. What is f(51)?
-573
Let u(o) = -6*o**3 + 16*o**2 - 107*o + 133. What is u(2)?
-65
Let l(f) = 14*f**3 + 1658*f**2 + 715*f + 834. Give l(-118).
8
Let w(x) = -3146*x + 94388. Calculate w(30).
8
Let o(p) = p**3 + 18*p**2 + 32*p - 416. What is o(-17)?
-671
Let k(f) = f**3 - 1687*f**2 + 161663*f + 566. What is k(102)?
-148
Let b(m) = m**2 + 91*m - 168. What is b(-92)?
-76
Let c(k) = k**2 + 1780*k - 36001. What is c(20)?
-1
Let s(g) = -217*g**2 - 4545*g + 256. Calculate s(-21).
4
Let i(l) = -306*l - 35777. What is i(-117)?
25
Let j(s) = 2510*s**2 + s + 25. What is j(-1)?
2534
Let z(x) = x**2 + 59*x + 479. Give z(-26).
-379
Let y(i) = -9528*i + 85764. What is y(9)?
12
Let z(x) = -11*x**2 + 1382*x - 6231. What is z(121)?
-60
Let d(r) = -8038*r + 2194385. Determine d(273).
11
Let w(y) = -1534*y + 6024. What is w(4)?
-112
Let x(d) = 15*d**3 - 378*d**2 + 133*d + 27. What is x(25)?
1477
Let x(z) = 53*z**2 + 161*z + 187. What is x(-2)?
77
Let x(b) = -270*b - 71838. What is x(-266)?
-18
Let c(k) = 2001*k + 129799. What is c(-64)?
1735
Let b(f) = 1515*f + 7942. What is b(-6)?
-1148
Let b(v) = -27*v**2 + 2388*v + 9549. Determine b(-4).
-435
Let j(c) = c**3 - 83*c**2 + 758*c + 1950. What is j(72)?
-498
Let k(b) = 9*b**3 + 231*b**2 + 160*b + 32. What is k(-25)?
-218
Let t(c) = -c**3 + 467*c**2 - 1157*c - 321753. Give t(463).
32
Let s(d) = 352*d**3 - 19*d**2 + 16*d + 1. Calculate s(-2).
-2923
Let m(f) = 131*f - 23511. Calculate m(157).
-2944
Let x(n) = n**3 - 63*n**2 - 223*n - 3015. What is x(67)?
0
Let u(s) = -4*s**2 + 257*s + 2627. Determine u(73).
72
Let i(x) = -x**3 - 19*x**2 + 550*x + 9583. What is i(-26)?
15
Let a(m) = m**2 - 11*m - 1684. What is a(-43)?
638
Let h(z) = -3*z**2 + 9*z + 477. Give h(-10).
87
Let c(r) = 4*r**2 - 2585*r - 23194. Give c(-9).
395
Let u(a) = 9*a**3 - 4*a**2 + 40*a + 105. What is u(-2)?
-63
Let j(z) = 3*z**3 - 25*z**2 - 60*z + 475. What is j(8)?
-69
Let r(b) = 15291*b - 16370. Determine r(1).
-1079
Let k(h) = -h**2 + 490*h - 37875. Calculate k(95).
-350
Let t(b) = -15*b**2 - 300*b - 1518. Determine t(-9).
-33
Let r(k) = k**2 - 148*k + 856. Give r(142).
4
Let h(x) = 41902*x + 83800. Determine h(-2).
-4
Let v(o) = -17113*o - 513381. What is v(-30)?
9
Let o(g) = -g**3 + 645*g**2 - 10062*g - 1352. Give o(629).
-94
Let d(h) = h**3 + 25*h**2 + 89*h - 20. Calculate d(-23).
-1009
Let v(a) = 5*a**2 + 71111*a + 497541. Give v(-7).
9
Let h(l) = 50*l**3 + 14348*l**2 - 575*l - 307. Give h(-287).
-20
Let a(k) = -44*k**2 + 10101*k - 40346. Calculate a(4).
-646
Let r(v) = -v**3 + 232*v**2 - 3043*v - 1973. Determine r(218).
-11
Let t(f) = -15*f**2 - 454*f - 496. What is t(-29)?
55
Let l(d) = 840*d - 382231. Calculate l(455).
-31
Let d(m) = -m**3 + 85*m**2 - 941*m - 61. What is d(13)?
-126
Let k(o) = -25941*o - 415028. What is k(-16)?
28
Let h(l) = 7*l**2 - 153*l - 538. Determine h(25).
12
Let y(l) = 92014*l - 276052. What is y(3)?
-10
Let t(m) = -7*m**2 - 389*m + 14850. Calculate t(26).
4
Let f(g) = g**3 - 24*g**2 + 38*g + 196. What is f(21)?
-329
Let c(l) = 3*l**3 - 137*l**2 - 99*l - 4187. Calculate c(47).
-4
Let l(n) = -159*n + 35147. Calculate l(221).
8
Let j(s) = -18*s**3 + 2773*s**2 - 146*s - 1204. Give j(154).
28
Let x(y) = -15*y**3 - 68*y**2 + 7*y + 41. Calculate x(-4).
-115
Let v(l) = 681*l - 4817. What is v(8)?
631
Let h(y) = 208*y**2 + 6*y + 54. Determine h(1).
268
Let t(s) = 4*s**3 - 61*s**2 - 40*s - 134. Determine t(16).
-6
Let r(k) = 2*k**2 + 232*k + 2244. Calculate r(-105).
-66
Let j(l) = -162*l**3 + 20*l**2 - 41*l + 7. Give j(2).
-1291
Let j(q) = 59*q**2 + 18830*q - 15975. Determine j(-320).
25
Let z(b) = -61*b**2 - 1231*b - 192. Give z(-20).
28
Let g(x) = -33774*x - 101299. Give g(-3).
23
Let l(a) = 53*a**2 - 116*a + 247. Determine l(5).
992
Let n(d) = -4*d**2 + 17*d + 5195. Give n(35).
890
Let s(y) = 248771*y - 5721737. What is s(23)?
-4
Let i(a) = -10*a**2 + 345*a - 5225. What is i(14)?
-2355
Let i(b) = -7*b**3 - 478*b**2 - 1499*b - 251. What is i(-65)?
9
Let y(v) = 17*v**2 - 46*v - 734. Calculate y(-11).
1829
Let g(p) = p**2 - 172*p - 2. What is g(-7)?
1251
Let x(w) = -235638*w + 471278. Calculate x(2).
2
Let t(n) = -n**3 - 84*n**2 - 1420*n - 55. What is t(-22)?
1177
Let l(i) = i**3 + 19*i**2 - 80*i - 2097. Give l(-14).
3
Let k(y) = 29*y**3 - 2144*y**2 - 149*y + 4. Determine k(74).
-70
Let a(t) = -t**3 - 113*t**2 + 987*t + 99528. Give a(-114).
6
Let j(m) = m**2 - 36992*m - 7700185. What is j(-207)?
8
Let k(m) = -5*m**2 - 1509*m - 7513. Give k(-5).
-93
Let q(c) = c**3 - 3*c**2 - 276*c - 7. Give q(-15).
83
Let a(y) = -3*y**2 + 75*y - 416. Determine a(8).
-8
Let a(r) = 8*r**3 - 378*r**2 + 103*r - 156. Determine a(47).
267
Let j(c) = c**2 - 25*c + 192. Determine j(23).
146
Let q(f) = 65179*f - 521417. Give q(8).
15
Let o(h) = -42*h**3 + 848*h**2 - 230*h + 1395. What is o(20)?
-5
Let h(g) = 36*g**2 - 41473*g - 40351. Give h(1153).
4
Let y(c) = -137*c**2 - 13974*c - 4. Calculate y(-102).
-4
Let g(h) = -h**3 + 22*h**2 - 85*h + 1860. Determine g(22).
-10
Let h(r) = -976*r - 39439. Calculate h(-41).
577
Let s(z) = -11*z**2 - 525*z - 1569. What is s(-3)?
-93
Let t(x) = -3*x**3 + 94*x**2 - 693*x + 142. Determine t(21).
-740
Let x(i) = 14*i**2 + 297*i + 934. Determine x(-5).
-201
Let h(o) = 2*o**3 + o**2 + 32*o + 5. Give h(8).
1349
Let h(d) = d**3 - 103*d**2 - 431*d - 80. Calculate h(107).
-401
Let k(c) = 11476*c + 1514836. Give k(-132).
4
Let u(o) = -4*o**3 - 615*o**2 + 2043*o + 124. Calculate u(-157).
-190
Let t(h) = -h**2 + 14*h + 55. What is t(-12)?
-257
Let y(d) = -382*d**2 - 9928*d + 108. What is y(-26)?
4
Let c(x) = -88*x**2 - 161*x + 54. What is c(-6)?
-2148
Let v(y) = 238*y + 52556. Give v(-231).
-2422
Let p(k) = -137*k + 2158. Calculate p(15).
103
Let c(r) = 3033*r - 57607. Calculate c(19).
20
Let a(w) = 3*w**2 + 686*w - 5433. Give a(8).
247
Let w(g) = 28*g + 8556. Give w(-314).
-236
Let t(n) = -335*n - 235. Determine t(-2).
435
Let d(l) = -l**2 - 20939*l + 3078358. Give d(146).
-52
Let q(n) = -n**3 + 19*n**2 + 2746*n + 15581. Calculate q(-6).
5
Let u(h) = h**3 + 4*h**2 + 5*h + 306. Determine u(9).
1404
Let r(m) = m**2 + 267*m + 18474. Determine r(-83).
3202
Let f(m) = 12*m**3 + 59*m**2 + 13*m + 129. Give f(-5).
39
Let u(j) = -j**3 - 32*j**2 - 1242*j - 2365. What is u(-2)?
-1
Let w(d) = -d**3 + 7*d**2 + 28843*d - 144261. Give w(5).
4
Let n(r) = 4083*r + 40946. Calculate n(-10).
116
Let u(d) = 22*d**2 - 649*d + 2752. What is u(21)?
-1175
Let j(u) = -3*u**2 - 585*u - 636. Determine j(0).
-636
Let r(p) = -454*p + 6750. Give r(10).
2210
Let h(b) = 33*b**2 + 418*b - 80. Give h(-11).
-685
Let u(y) = 104*y**2 + 201*y - 77. Determine u(-2).
-63
Let a(k) = 263*k - 35551. Give a(137).
480
Let g(m) = 16*m**2 + 491*m - 2435. Give g(-35).
-20
Let k(o) = -o**3 - 10*o**2 - 3369*o - 33691. What is k(-10)?
-1
Let q(a) = a**2 - 205*a - 7007. Give q(235).
43
Let o(f) = -1629*f - 148281. Determine o(-91).
-42
Let u(q) = -q**3 - 29*q**2 + 79*q + 1431. Give u(-30).
-39
Let i(j) = 148*j**2 - 579*j - 216. Give i(5).
589
Let k(f) = 7*f**2 + 527*f + 25. Calculate k(-73).
-1143
Let y(c) = 1018*c - 116059. Give y(114).
-7
Let o(v) = -103476*v + 3828625. What is o(37)?
13
Let c(o) = -77663*o + 310658. Give c(4).
6
Let s(y) = 23*y**3 - 28*y**2 - 56*y - 9. What i